{"id":487,"date":"2017-06-12T07:07:36","date_gmt":"2017-06-12T05:07:36","guid":{"rendered":"http:\/\/oase.martingehr.bplaced.de\/?page_id=487"},"modified":"2017-06-12T07:07:36","modified_gmt":"2017-06-12T05:07:36","slug":"wild-gefluegelgerichte","status":"publish","type":"page","link":"https:\/\/www.hotelfalkenseerhof.de\/?page_id=487","title":{"rendered":"Wild- Gefl\u00fcgelgerichte"},"content":{"rendered":"<h4 style=\"text-align: center;\">Hirschkeule F\u00f6rster Art<\/h4>\n<h4 style=\"text-align: center;\">in Wacholder- Rotweinsud, sahnig geschwenkte Waldpilze, Rotkohl und Kl\u00f6\u00dfe<\/h4>\n<hr \/>\n<h4 style=\"text-align: center;\"><\/h4>\n<h4 style=\"text-align: center;\">Wildschwein aus dem Ofen<\/h4>\n<h4 style=\"text-align: center;\">in lieblicher Pfirsich- Kirschso\u00dfe, zartes Lauchgem\u00fcse in Rahm, Duchessekartoffeln<\/h4>\n<hr \/>\n<h4 style=\"text-align: center;\"><\/h4>\n<h4 style=\"text-align: center;\">Wildedelgulasch<\/h4>\n<h4 style=\"text-align: center;\">mit Apfelrotkohl und Salzkartoffeln<\/h4>\n<hr \/>\n<h4 style=\"text-align: center;\"><\/h4>\n<h4 style=\"text-align: center;\">Dickes Putenbruststeak<\/h4>\n<h4 style=\"text-align: center;\">saftig gegrillt, mit frischen Champignons in Rahm und Kroketten<\/h4>\n","protected":false},"excerpt":{"rendered":"<p>Hirschkeule F\u00f6rster Art in Wacholder- Rotweinsud, sahnig geschwenkte Waldpilze, Rotkohl und Kl\u00f6\u00dfe Wildschwein aus dem Ofen in lieblicher Pfirsich- Kirschso\u00dfe, zartes Lauchgem\u00fcse in Rahm, Duchessekartoffeln Wildedelgulasch mit Apfelrotkohl und Salzkartoffeln&#8230;<\/p>\n","protected":false},"author":3,"featured_media":543,"parent":0,"menu_order":0,"comment_status":"closed","ping_status":"closed","template":"","meta":{"footnotes":""},"class_list":["post-487","page","type-page","status-publish","has-post-thumbnail","hentry"],"_links":{"self":[{"href":"https:\/\/www.hotelfalkenseerhof.de\/index.php?rest_route=\/wp\/v2\/pages\/487","targetHints":{"allow":["GET"]}}],"collection":[{"href":"https:\/\/www.hotelfalkenseerhof.de\/index.php?rest_route=\/wp\/v2\/pages"}],"about":[{"href":"https:\/\/www.hotelfalkenseerhof.de\/index.php?rest_route=\/wp\/v2\/types\/page"}],"author":[{"embeddable":true,"href":"https:\/\/www.hotelfalkenseerhof.de\/index.php?rest_route=\/wp\/v2\/users\/3"}],"replies":[{"embeddable":true,"href":"https:\/\/www.hotelfalkenseerhof.de\/index.php?rest_route=%2Fwp%2Fv2%2Fcomments&post=487"}],"version-history":[{"count":0,"href":"https:\/\/www.hotelfalkenseerhof.de\/index.php?rest_route=\/wp\/v2\/pages\/487\/revisions"}],"wp:featuredmedia":[{"embeddable":true,"href":"https:\/\/www.hotelfalkenseerhof.de\/index.php?rest_route=\/wp\/v2\/media\/543"}],"wp:attachment":[{"href":"https:\/\/www.hotelfalkenseerhof.de\/index.php?rest_route=%2Fwp%2Fv2%2Fmedia&parent=487"}],"curies":[{"name":"wp","href":"https:\/\/api.w.org\/{rel}","templated":true}]}}