{"id":38,"date":"2017-01-21T23:13:55","date_gmt":"2017-01-21T22:13:55","guid":{"rendered":"http:\/\/oase.martingehr.bplaced.de\/?page_id=38"},"modified":"2017-08-29T06:50:23","modified_gmt":"2017-08-29T06:50:23","slug":"hotel","status":"publish","type":"page","link":"https:\/\/www.hotelfalkenseerhof.de\/?page_id=38","title":{"rendered":"Hotel"},"content":{"rendered":"<h1 style=\"text-align: center;\"><em><strong>\u00a0Unsere Zimmer<br \/>\n<\/strong><\/em><\/h1>\n<p>&nbsp;<\/p>\n<h2 style=\"text-align: center;\"><span style=\"color: #ff0000;\"><em><strong>Jedes unserer Zimmer hat seinen eigenen Charakter und ist mit viel Liebe zum Detail gem\u00fctlich eingerichtet.<br \/>\n<\/strong><\/em><\/span><\/h2>\n<div id='gallery-1' class='gallery galleryid-38 gallery-columns-3 gallery-size-thumbnail'><figure class='gallery-item'>\n\t\t\t<div class='gallery-icon landscape'>\n\t\t\t\t<a href='https:\/\/www.hotelfalkenseerhof.de\/wp-content\/uploads\/2017\/03\/IMG_0592-1.jpg'><img loading=\"lazy\" decoding=\"async\" width=\"370\" height=\"247\" src=\"https:\/\/www.hotelfalkenseerhof.de\/wp-content\/uploads\/2017\/03\/IMG_0592-1-370x247.jpg\" class=\"attachment-thumbnail size-thumbnail\" alt=\"\" \/><\/a>\n\t\t\t<\/div><\/figure><figure class='gallery-item'>\n\t\t\t<div class='gallery-icon landscape'>\n\t\t\t\t<a href='https:\/\/www.hotelfalkenseerhof.de\/wp-content\/uploads\/2017\/03\/IMG_0605-1.jpg'><img loading=\"lazy\" decoding=\"async\" width=\"370\" height=\"247\" src=\"https:\/\/www.hotelfalkenseerhof.de\/wp-content\/uploads\/2017\/03\/IMG_0605-1-370x247.jpg\" class=\"attachment-thumbnail size-thumbnail\" alt=\"\" \/><\/a>\n\t\t\t<\/div><\/figure><figure class='gallery-item'>\n\t\t\t<div class='gallery-icon landscape'>\n\t\t\t\t<a href='https:\/\/www.hotelfalkenseerhof.de\/wp-content\/uploads\/2017\/03\/IMG_0603-1.jpg'><img loading=\"lazy\" decoding=\"async\" width=\"370\" height=\"247\" src=\"https:\/\/www.hotelfalkenseerhof.de\/wp-content\/uploads\/2017\/03\/IMG_0603-1-370x247.jpg\" class=\"attachment-thumbnail size-thumbnail\" alt=\"\" \/><\/a>\n\t\t\t<\/div><\/figure>\n\t\t<\/div>\n\n<p style=\"text-align: center;\"><span style=\"color: #ff0000;\"><em><strong>Zu unserer Zimmereinrichtung geh\u00f6ren:<\/strong><\/em><\/span><\/p>\n<h4 style=\"text-align: center;\">&#8211; Bad\/ WC, Dusche oder Badewanne, Haarf\u00f6n<\/h4>\n<h4 style=\"text-align: center;\">&#8211; Flat-Screen<\/h4>\n<h4 style=\"text-align: center;\">&#8211; Kostenloses W-Lan<\/h4>\n<h4 style=\"text-align: center;\">&#8211; Sitzgelegenheit<\/h4>\n<h4 style=\"text-align: center;\">&#8211; einige Zimmer mit Safe, kleinem K\u00fchlschrank sowie Schreibtisch<\/h4>\n<h4 style=\"text-align: center;\">&#8211; die erste Etage ist mit Klimaanlage ausgestattet<\/h4>\n<h4 style=\"text-align: center;\">&#8211; Parkm\u00f6glichkeiten am Hotel<\/h4>\n<h4 style=\"text-align: center;\"><\/h4>\n<h4 style=\"text-align: center;\"><span style=\"color: #ff0000;\"><em><strong>Nach einer erholsamen Nacht beginnt der Morgen im Falkenseer Hof f\u00fcr Sie mit einem Fr\u00fchst\u00fcck.<\/strong><\/em><\/span><\/h4>\n<p>&nbsp;<\/p>\n<h3 style=\"text-align: center;\"><\/h3>\n","protected":false},"excerpt":{"rendered":"<p>\u00a0Unsere Zimmer &nbsp; Jedes unserer Zimmer hat seinen eigenen Charakter und ist mit viel Liebe zum Detail gem\u00fctlich eingerichtet. Zu unserer Zimmereinrichtung geh\u00f6ren: &#8211; Bad\/ WC, Dusche oder Badewanne, Haarf\u00f6n&#8230;<\/p>\n","protected":false},"author":3,"featured_media":80,"parent":0,"menu_order":2,"comment_status":"closed","ping_status":"closed","template":"","meta":{"footnotes":""},"class_list":["post-38","page","type-page","status-publish","has-post-thumbnail","hentry"],"_links":{"self":[{"href":"https:\/\/www.hotelfalkenseerhof.de\/index.php?rest_route=\/wp\/v2\/pages\/38","targetHints":{"allow":["GET"]}}],"collection":[{"href":"https:\/\/www.hotelfalkenseerhof.de\/index.php?rest_route=\/wp\/v2\/pages"}],"about":[{"href":"https:\/\/www.hotelfalkenseerhof.de\/index.php?rest_route=\/wp\/v2\/types\/page"}],"author":[{"embeddable":true,"href":"https:\/\/www.hotelfalkenseerhof.de\/index.php?rest_route=\/wp\/v2\/users\/3"}],"replies":[{"embeddable":true,"href":"https:\/\/www.hotelfalkenseerhof.de\/index.php?rest_route=%2Fwp%2Fv2%2Fcomments&post=38"}],"version-history":[{"count":1,"href":"https:\/\/www.hotelfalkenseerhof.de\/index.php?rest_route=\/wp\/v2\/pages\/38\/revisions"}],"predecessor-version":[{"id":667,"href":"https:\/\/www.hotelfalkenseerhof.de\/index.php?rest_route=\/wp\/v2\/pages\/38\/revisions\/667"}],"wp:featuredmedia":[{"embeddable":true,"href":"https:\/\/www.hotelfalkenseerhof.de\/index.php?rest_route=\/wp\/v2\/media\/80"}],"wp:attachment":[{"href":"https:\/\/www.hotelfalkenseerhof.de\/index.php?rest_route=%2Fwp%2Fv2%2Fmedia&parent=38"}],"curies":[{"name":"wp","href":"https:\/\/api.w.org\/{rel}","templated":true}]}}