{"id":35,"date":"2017-01-21T23:12:09","date_gmt":"2017-01-21T22:12:09","guid":{"rendered":"http:\/\/oase.martingehr.bplaced.de\/?page_id=35"},"modified":"2025-01-10T13:41:31","modified_gmt":"2025-01-10T13:41:31","slug":"startseite","status":"publish","type":"page","link":"https:\/\/www.hotelfalkenseerhof.de\/","title":{"rendered":"Startseite"},"content":{"rendered":"<h1 style=\"text-align: center;\"><div id=\"mtphr-dnt-763\" class=\"mtphr-dnt mtphr-dnt-763 mtphr-dnt-default mtphr-dnt-scroll mtphr-dnt-scroll-left\"><div class=\"mtphr-dnt-wrapper mtphr-dnt-clearfix\"><div class=\"mtphr-dnt-tick-container\"><div class=\"mtphr-dnt-tick-contents\"><div class=\"mtphr-dnt-tick mtphr-dnt-default-tick mtphr-dnt-clearfix \">Alle Speisen au\u00dfer Haus Bestellzeit von 12- 20 Uhr t\u00e4glich unter 03322 202714<\/div><\/div><\/div><\/div><\/div><\/h1>\n\n\n<div style=\"height:32px\" aria-hidden=\"true\" class=\"wp-block-spacer\"><\/div>\n\n\n\n<div class=\"wp-block-buttons is-content-justification-center is-layout-flex wp-container-core-buttons-is-layout-16018d1d wp-block-buttons-is-layout-flex\">\n<div class=\"wp-block-button is-style-outline is-style-outline--1\"><a class=\"wp-block-button__link has-very-dark-gray-background-color has-text-color has-background wp-element-button\" style=\"color:#ffffff\">Speisekarte<\/a><\/div>\n\n\n\n<div class=\"wp-block-button\"><a class=\"wp-block-button__link wp-element-button\">Kinderkarte<\/a><\/div>\n\n\n\n<div class=\"wp-block-button\"><a class=\"wp-block-button__link wp-element-button\">Vorbestellung<\/a><\/div>\n<\/div>\n\n\n<h1>\u00a0<\/h1>\n<h1 style=\"text-align: center;\"><span style=\"color: #ff0000;\"><em><strong>Restaurant Ruhetage Montag und Dienstag <\/strong><\/em><\/span><\/h1>\n<h1 style=\"text-align: center;\"><span style=\"color: #3366ff;\"><em><strong>(Hotel Ge\u00f6ffnet)<\/strong><\/em><\/span><span style=\"color: #ff0000;\"><em><strong><br \/><\/strong><\/em><\/span><\/h1>\n<p style=\"text-align: center;\"><strong><span style=\"color: #ff0000;\">Nach Absprache \u00f6ffnen wir gerne auch an diesen Tagen f\u00fcr Sie<\/span><\/strong><\/p>\n\n\n<div style=\"height:54px\" aria-hidden=\"true\" class=\"wp-block-spacer\"><\/div>\n\n\n<h1 style=\"text-align: center;\"><em><strong>Herzlich willkommen<\/strong><\/em><\/h1>\n<h3 style=\"text-align: center;\">An einem der sch\u00f6nsten Pl\u00e4tze im Speckg\u00fcrtel von Berlins.<\/h3>\n<h3 style=\"text-align: center;\">Wir sind ein kleines Familienunternehmen bestehend seit 1990, inmitten der Gartenstadt Falkensee.<\/h3>\n<h3 style=\"text-align: center;\">Genie\u00dfen Sie als Gast den regionalen Flair und die liebevolle Atmosph\u00e4re unseres Hauses.<\/h3>\n<h3 style=\"text-align: center;\">Wir freuen uns, Sie bei uns begr\u00fc\u00dfen zu d\u00fcrfen.<\/h3>\n<h3 style=\"text-align: center;\"><strong><em>Familie Mei\u00dfner<\/em><\/strong><\/h3>\n<div id='gallery-1' class='gallery galleryid-35 gallery-columns-3 gallery-size-thumbnail'><figure class='gallery-item'>\n\t\t\t<div class='gallery-icon portrait'>\n\t\t\t\t<a href='https:\/\/www.hotelfalkenseerhof.de\/wp-content\/uploads\/2017\/01\/Folleto_Oase_311-1.jpg'><img loading=\"lazy\" decoding=\"async\" width=\"370\" height=\"247\" src=\"https:\/\/www.hotelfalkenseerhof.de\/wp-content\/uploads\/2017\/01\/Folleto_Oase_311-1-370x247.jpg\" class=\"attachment-thumbnail size-thumbnail\" alt=\"\" \/><\/a>\n\t\t\t<\/div><\/figure><figure class='gallery-item'>\n\t\t\t<div class='gallery-icon landscape'>\n\t\t\t\t<a href='https:\/\/www.hotelfalkenseerhof.de\/wp-content\/uploads\/2017\/01\/11779924_525880424225884_381291080508538753_o-1-1.jpg'><img loading=\"lazy\" decoding=\"async\" width=\"370\" height=\"247\" src=\"https:\/\/www.hotelfalkenseerhof.de\/wp-content\/uploads\/2017\/01\/11779924_525880424225884_381291080508538753_o-1-1-370x247.jpg\" class=\"attachment-thumbnail size-thumbnail\" alt=\"\" \/><\/a>\n\t\t\t<\/div><\/figure><figure class='gallery-item'>\n\t\t\t<div class='gallery-icon landscape'>\n\t\t\t\t<a href='https:\/\/www.hotelfalkenseerhof.de\/wp-content\/uploads\/2017\/01\/Folleto_Oase_11-1.jpg'><img loading=\"lazy\" decoding=\"async\" width=\"370\" height=\"247\" src=\"https:\/\/www.hotelfalkenseerhof.de\/wp-content\/uploads\/2017\/01\/Folleto_Oase_11-1-370x247.jpg\" class=\"attachment-thumbnail size-thumbnail\" alt=\"\" \/><\/a>\n\t\t\t<\/div><\/figure>\n\t\t<\/div>\n\n\n\n<p><\/p>\n","protected":false},"excerpt":{"rendered":"<p>\u00a0 Restaurant Ruhetage Montag und Dienstag (Hotel Ge\u00f6ffnet) Nach Absprache \u00f6ffnen wir gerne auch an diesen Tagen f\u00fcr Sie Herzlich willkommen An einem der sch\u00f6nsten Pl\u00e4tze im Speckg\u00fcrtel von Berlins&#8230;.<\/p>\n","protected":false},"author":3,"featured_media":0,"parent":0,"menu_order":1,"comment_status":"closed","ping_status":"closed","template":"","meta":{"footnotes":""},"class_list":["post-35","page","type-page","status-publish","hentry"],"_links":{"self":[{"href":"https:\/\/www.hotelfalkenseerhof.de\/index.php?rest_route=\/wp\/v2\/pages\/35","targetHints":{"allow":["GET"]}}],"collection":[{"href":"https:\/\/www.hotelfalkenseerhof.de\/index.php?rest_route=\/wp\/v2\/pages"}],"about":[{"href":"https:\/\/www.hotelfalkenseerhof.de\/index.php?rest_route=\/wp\/v2\/types\/page"}],"author":[{"embeddable":true,"href":"https:\/\/www.hotelfalkenseerhof.de\/index.php?rest_route=\/wp\/v2\/users\/3"}],"replies":[{"embeddable":true,"href":"https:\/\/www.hotelfalkenseerhof.de\/index.php?rest_route=%2Fwp%2Fv2%2Fcomments&post=35"}],"version-history":[{"count":23,"href":"https:\/\/www.hotelfalkenseerhof.de\/index.php?rest_route=\/wp\/v2\/pages\/35\/revisions"}],"predecessor-version":[{"id":924,"href":"https:\/\/www.hotelfalkenseerhof.de\/index.php?rest_route=\/wp\/v2\/pages\/35\/revisions\/924"}],"wp:attachment":[{"href":"https:\/\/www.hotelfalkenseerhof.de\/index.php?rest_route=%2Fwp%2Fv2%2Fmedia&parent=35"}],"curies":[{"name":"wp","href":"https:\/\/api.w.org\/{rel}","templated":true}]}}