{"id":259,"date":"2017-03-05T10:59:02","date_gmt":"2017-03-05T09:59:02","guid":{"rendered":"http:\/\/oase.martingehr.bplaced.de\/?page_id=259"},"modified":"2023-12-05T05:55:38","modified_gmt":"2023-12-05T05:55:38","slug":"agbs","status":"publish","type":"page","link":"https:\/\/www.hotelfalkenseerhof.de\/?page_id=259","title":{"rendered":"AGB\u00b4s"},"content":{"rendered":"<h2 style=\"text-align: center;\"><em><strong>Allgemeine Gesch\u00e4ftsbedingungen<\/strong><\/em><\/h2>\n<p>&nbsp;<\/p>\n<h4><span style=\"color: #ff0000;\"><strong><em>Geltungsbereich \u00a0<\/em><\/strong><\/span><\/h4>\n<h4><img loading=\"lazy\" decoding=\"async\" class=\"wp-image-265  alignright\" src=\"http:\/\/hotelfalkenseerhof.de\/wp-content\/uploads\/2017\/03\/Wappen_Meisner_geschnitten-1-585x654.jpg\" alt=\"\" width=\"166\" height=\"185\" \/><\/h4>\n<h4>1.Diese Gesch\u00e4ftsbedingungen gelten f\u00fcr Vertr\u00e4ge \u00fcber die mietweise \u00dcberlassung von Hotelzimmern zur Beherbergung und weiteren Leistungen des Hotels\u00a0\u00a0(Hotelaufnahmevertrag).<\/h4>\n<h4>2.Die Unter- und Weitervermietung\u00a0 der \u00fcberlassenen Zimmer sowie Nutzung zu anderen als Beherbergungszwecken bed\u00fcrfen der vorherigen Zustimmung\u00a0 des Hotels in Textform. Der Hotelaufnahmevertrag ist abgeschlossen sobald das Hotelzimmer bestellt und zugesagt (auch wenn \u00a0eine schriftliche Zusage aus Zeitlichen Gr\u00fcnden nicht mehr m\u00f6glich war z.B. Buchung und Anreise am selbigem Tag) worden ist.<\/h4>\n<h4>\u00a0<span style=\"color: #ff0000;\"><em><strong>Vertragsabschluss<\/strong> <\/em><\/span><\/h4>\n<h4>1. Dem Hotel steht es frei, die Zimmerbuchungen in Textform zu best\u00e4tigen.<\/h4>\n<h4>2. Vertragspartner sind das Hotel und der Kunde. Hat ein Dritter f\u00fcr den Kunden bestellt, haftet dieser dem Hotel gegen\u00fcber zusammen mit dem Kunden als Gesamtschuldner.<\/h4>\n<h4><span style=\"color: #ff0000;\"><em><strong>Leistung ,Preise ,Zahlung ,Aufrechnung<\/strong><\/em><\/span><\/h4>\n<h4>Das Hotel ist verpflichtet, die vom Kunden gebuchten Zimmer bereitzuhalten und die vereinbarten Leistungen zu erbringen.<\/h4>\n<h4>Der Kunde ist verpflichtet, die f\u00fcr die Zimmer\u00fcberlassung und die von ihm in Anspruch genommenen weiteren Leistungen zu geltenden Preisen des Hotels zu zahlen. Dies gilt auch f\u00fcr vom Kunden veranlassten Leistungen und Auslagen des Hotels an Dritte. Die vereinbarten Preise\u00a0 schlie\u00dfen die jeweilige gesetzliche Umsatzsteuer ein.<\/h4>\n<h4>Das Hotel kann seine Zustimmung zu einer vom Kunden gew\u00fcnschten nachtr\u00e4glichen Verringerung der Anzahl der gebuchten Zimmer , der Leistung des Hotels oder der Aufenthaltsdauer des Kunden davon abh\u00e4ngig machen , dass sich der Preis f\u00fcr Zimmer und\/oder f\u00fcr die sonstigen Leistungen des Hotels erh\u00f6ht.<\/h4>\n<h4>Rechnungen des Hotels sind innerhalb 14 Tagen ab Zusendung der Rechnung ohne Abzug zahlbar. Bei Zahlungsverzug ist das Hotel berechtigt ein Pauschalbetrag (S\u00e4umniszuschl\u00e4ge, Bearbeitungsgeb\u00fchr) i.H. v. 10,00 Euro zu erheben.<\/h4>\n<h4>Das Hotel ist berechtigt, bei Vertragsschluss vom Kunden eine Vorauszahlung oder Sicherheitsleistung zu verlangen.<\/h4>\n<h4>In begr\u00fcndeten F\u00e4llen, z.B. Zahlungsr\u00fcckstand des Kunden, ist das Hotel berechtigt, weitere Leistungen abzulehnen.<\/h4>\n<h4>Vergessenes Gep\u00e4ck und\/oder vergessene Gegenst\u00e4nde werden auf Wunsch kostenpflichtig nachgesendet.<\/h4>\n<h4><span style=\"color: #ff0000;\"><em><strong>Zahlungsarten<\/strong><\/em><\/span><\/h4>\n<h4>Bar\/EC\/Mastercard\/VISA oder per Rechnung bei vorheriger Absprache.<\/h4>\n<h4><span style=\"color: #ff0000;\"><em><strong>Stornierungen und NoShow(Nicht Erscheinen)<\/strong><\/em><\/span><\/h4>\n<h4>Stornierungen sind ausschlie\u00dflich schriftlich g\u00fcltig. Erfolgt diese nicht, so ist der vereinbarte Preis aus dem Vertrag auch dann zu zahlen, wenn der Kunde vertragliche Leistungen nicht in Anspruch nimmt. Die Stornierung der Zimmer ist bis 3 Tage vor Anreise Kostenfrei. Bei einer Stornierung\u00a0 bis 2 Tage vor\u00a0 Anreise werden 80%\u00a0 des vereinbarten Preises erhoben und in Rechnung gestellt. Bei einer Stornierung 1 Tag oder am Anreise Tag werden 100% des vereinbarten Preises erhoben und in Rechnung gestellt. Bei Vorzeitiger Abreise des Kunden werden 100% des vereinbarten Preises dem Kunden und in Rechnung gestellt.<\/h4>\n<h4 style=\"text-align: center;\"><a href=\"https:\/\/www.allianz-reiseversicherung.de\/reiseversicherung\/reiseruecktrittsversicherung\/hotel\/?aff=SEM022&amp;gclid=CjwKEAjwh9PGBRCfso2n3ODgvUcSJAAhpW5o4INcNe6llVzemgfzxWCFrp6uIfnBjQjRDzCLsj3TeBoC4RTw_wcB\"><em><span style=\"color: #0000ff;\">&gt;&gt; <strong>Reiser\u00fccktrittsversicherung f\u00fcr Hotelaufenthalte <\/strong>&lt;&lt;<\/span><\/em><\/a><\/h4>\n<h4><span style=\"color: #ff0000;\"><em><strong>Zimmerbereitstellung,-\u00dcbergabe und R\u00fcckgabe<\/strong><\/em><\/span><\/h4>\n<h4>Der Kunde erwirbt keinen Anspruch auf die Bereitstellung bestimmter Zimmer, soweit dieses nicht ausdr\u00fccklich in Textform vereinbart wurde.<\/h4>\n<h4>Gebuchte Zimmer stehen dem Kunden ab 15:00 Uhr des vereinbarten Anreisetages zur Verf\u00fcgung. Der Kunde hat keinen Anspruch auf fr\u00fchere Bereitstellung.<\/h4>\n<h4>Am vereinbarten Abreisetag sind die Zimmer dem Hotel sp\u00e4testens 10:30 Uhr ger\u00e4umt zur Verf\u00fcgung zu stellen. Danach kann das Hotel aufgrund der versp\u00e4teten R\u00e4umung des Zimmers f\u00fcr dessen vertrags\u00fcberschreitende Nutzung bis 14:00 Uhr 50% des vollen Logispreises (Listenpreises) in Rechnung stellen, danach 100%.<\/h4>\n<h4><span style=\"color: #ff0000;\"><em><strong>Schlussbestimmungen<\/strong><\/em><\/span><\/h4>\n<h4>\u00c4nderungen und Erg\u00e4nzungen des Vertrages oder dieser Allgemeinen Gesch\u00e4ftsbedingungen sollen in Textform erfolgen. Einseitige \u00c4nderungen oder Erg\u00e4nzungen durch den Kunden sind unwirksam.<\/h4>\n<h4><em><strong>Erf\u00fcllung- und Zahlungsort ist der Standort des Hotels.<\/strong><\/em><\/h4>\n<h4>Es gilt deutsches Recht. Die Anwendung des UN-Kaufrechts und des Kollisionsrechts oder \u00e4hnlichem ist ausgeschlossen.<\/h4>\n<h4>Sollten einzelne Bestimmungen dieser Allgemeinen Gesch\u00e4ftsbedingungen unwirksam oder nichtig sein oder werden, so wird dadurch die Wirksamkeit der \u00fcbrigen Bestimmungen nicht ber\u00fchrt. Im \u00dcbrigen geltenden die\u00a0 gesetzlichen Vorschriften.<\/h4>\n<h4 style=\"text-align: right;\"><strong>Hotel Falkenseer Hof 2017<\/strong><\/h4>\n<h4><\/h4>\n<h4><\/h4>\n<h4><\/h4>\n<h5><\/h5>\n<p>&nbsp;<\/p>\n","protected":false},"excerpt":{"rendered":"<p>Allgemeine Gesch\u00e4ftsbedingungen &nbsp; Geltungsbereich \u00a0 1.Diese Gesch\u00e4ftsbedingungen gelten f\u00fcr Vertr\u00e4ge \u00fcber die mietweise \u00dcberlassung von Hotelzimmern zur Beherbergung und weiteren Leistungen des Hotels\u00a0\u00a0(Hotelaufnahmevertrag). 2.Die Unter- und Weitervermietung\u00a0 der \u00fcberlassenen Zimmer&#8230;<\/p>\n","protected":false},"author":3,"featured_media":217,"parent":0,"menu_order":9,"comment_status":"closed","ping_status":"closed","template":"","meta":{"footnotes":""},"class_list":["post-259","page","type-page","status-publish","has-post-thumbnail","hentry"],"_links":{"self":[{"href":"https:\/\/www.hotelfalkenseerhof.de\/index.php?rest_route=\/wp\/v2\/pages\/259","targetHints":{"allow":["GET"]}}],"collection":[{"href":"https:\/\/www.hotelfalkenseerhof.de\/index.php?rest_route=\/wp\/v2\/pages"}],"about":[{"href":"https:\/\/www.hotelfalkenseerhof.de\/index.php?rest_route=\/wp\/v2\/types\/page"}],"author":[{"embeddable":true,"href":"https:\/\/www.hotelfalkenseerhof.de\/index.php?rest_route=\/wp\/v2\/users\/3"}],"replies":[{"embeddable":true,"href":"https:\/\/www.hotelfalkenseerhof.de\/index.php?rest_route=%2Fwp%2Fv2%2Fcomments&post=259"}],"version-history":[{"count":1,"href":"https:\/\/www.hotelfalkenseerhof.de\/index.php?rest_route=\/wp\/v2\/pages\/259\/revisions"}],"predecessor-version":[{"id":678,"href":"https:\/\/www.hotelfalkenseerhof.de\/index.php?rest_route=\/wp\/v2\/pages\/259\/revisions\/678"}],"wp:featuredmedia":[{"embeddable":true,"href":"https:\/\/www.hotelfalkenseerhof.de\/index.php?rest_route=\/wp\/v2\/media\/217"}],"wp:attachment":[{"href":"https:\/\/www.hotelfalkenseerhof.de\/index.php?rest_route=%2Fwp%2Fv2%2Fmedia&parent=259"}],"curies":[{"name":"wp","href":"https:\/\/api.w.org\/{rel}","templated":true}]}}